tens digit of (-4)/((-36)/d - -2)?
1
Let o(l) = 2 - 3 - l + 1 + 31*l**2. What is the tens digit of o(-1)?
3
Let c = -13 - -10. What is the units digit of c/(-2 + 75/42)?
4
Suppose -2*n = 3*n + 55. Let v = 14 + -35. Let t = n - v. What is the tens digit of t?
1
Let h(a) = -a + 14. Let u be h(10). Suppose -5*y - 2*n + 19 = 0, -4*n - 10 = -u*y + 22. What is the units digit of y?
5
Let f(s) be the first derivative of 2*s**2 + 3*s + 4. Let r be f(3). What is the units digit of (2/5)/(1/r)?
6
Let c(k) = -2*k. Let g be c(-5). Suppose g = o + z, 8*z - 29 = -2*o + 3*z. What is the units digit of o?
7
Let w be 23/7 - 16/56. Suppose -5*m + w = -12, 4*m + 18 = 5*l. Suppose l*k - 2*k = 3*r + 45, 5*r = -2*k + 29. What is the units digit of k?
2
Suppose -83 = -3*d + 67. Let z = -4 + d. Suppose -4*r + 0*m + z = 2*m, 5*r + 5*m - 60 = 0. What is the units digit of r?
1
Let a = -42 + 114. What is the units digit of a?
2
Let y(w) = -w**2 + 0*w**2 + 4*w**2 - 2*w**2. Let a(i) = -i**3 + 7*i**2 - 7*i + 3. Let z be a(6). What is the units digit of y(z)?
9
Let y be (-2)/(-10) + 9/5. Suppose y*v + v - 21 = 0. What is the units digit of v?
7
Let t(z) = -z - 3. Let d be t(-8). Suppose 4*k - 115 = -d*m, 0 = 7*k - 2*k. Let q = m + -13. What is the tens digit of q?
1
Suppose -1 + 4 = t. What is the units digit of -2 - 1 - -11 - t?
5
Let c be (0 - 1) + 10 + 2. Let w = c + 1. What is the tens digit of w?
1
Let n = -3 - -4. Let l(z) = 14*z**3 - z**2 + 1. What is the tens digit of l(n)?
1
Suppose 0 = -4*v + 3*l + l + 168, 0 = 2*v + 5*l - 91. What is the tens digit of v?
4
Let j be (-2)/(-9) - (-16)/9. Suppose -3 = j*h + h. Let t = 2 - h. What is the units digit of t?
3
Let a be (-12)/18*(-1 + -2). Suppose u = -a*q - 3*u + 76, 2*q - u = 56. What is the tens digit of q?
3
Let p(k) = -k**2 + 12*k - 11. Let a be p(11). Suppose -m + a = -3. What is the tens digit of m*30/27*6?
2
Suppose 3*v + 3*t = 1179, 0*t = -2*v + 4*t + 804. What is the tens digit of v?
9
Suppose 0 = -4*l + 12*l - 96. What is the tens digit of l?
1
What is the units digit of -3*8/36 + (-191)/(-3)?
3
Suppose -4*i = -2*i - 5*z - 23, 4*i = -z + 35. Suppose -i*r = -8*r - 12. What is the units digit of r?
2
Let r = -170 - -241. What is the tens digit of r?
7
Let r be 24/11 + 10/(-55). Suppose 0*w - 38 = -r*w. What is the units digit of w?
9
Suppose -3*o = 4*k - 22, k - 14 = -3*o + 5*k. Let h(s) = s**2 - 9*s + 7. Let c be h(o). Let m = 21 + c. What is the units digit of m?
0
Suppose -2*l + 5*l - 15 = 0. Suppose l = 2*h - 3*c, -4*c - c + 50 = 5*h. Suppose -3*m + h = -29. What is the units digit of m?
2
Suppose n + 0*n - 5*a = 93, 0 = n + 4*a - 138. What is the hundreds digit of n?
1
What is the tens digit of (3 + -1)*43 - 3/(-1)?
8
Let q(t) = 22*t. What is the tens digit of q(1)?
2
Suppose 4 + 2 = 3*v. Suppose 4*w - 30 = v. Let t(q) = q**3 - 9*q**2 + 10*q - 5. What is the units digit of t(w)?
1
Suppose 0*k = 4*k - 8. Let u be k + -4 + -1 + -11. Let i = -9 - u. What is the units digit of i?
5
Suppose 5*u = -w + 3*w - 166, -2*w = 2*u - 152. Suppose -4*a - 4*r = -6*r - 104, 3*a = 2*r + w. What is the tens digit of a?
2
Let n be 50/3 - 2/3. Suppose 0 = -3*m + 9 - 39. Let q = m + n. What is the units digit of q?
6
Suppose -5*x + 45 = -20. What is the units digit of x?
3
Suppose -4*x + 8*c - 3*c = 167, -218 = 5*x + 3*c. Let g = 61 + x. What is the tens digit of g?
1
Suppose 0 = -0*l - 2*l - 16. Let b(q) = -q**2 - 10*q + 5. What is the tens digit of b(l)?
2
Let p = 5 - 10. Let y(t) = -5*t - 2. Let j(w) = 4*w + 2. Let a(c) = -3*j(c) - 2*y(c). What is the units digit of a(p)?
8
Let h(s) = -s**3 + 7*s**2 - 6*s + 1. Let l be h(6). Suppose 13 = 4*c + l. What is the units digit of c?
3
Let x(f) = -80*f**3 - f**2 - f. Let m be x(-1). Suppose 3*j = -j + m. Let p = j - 11. What is the units digit of p?
9
Suppose 0*b + 2*b = 6. Let h = b + 6. What is the units digit of h?
9
Suppose -4*b = t - 103, 44 = 3*b + 4*t - 17. Suppose b = 3*n - 3. Suppose 0 = 5*f + n + 10, 3*r = f + 19. What is the units digit of r?
5
Let i(w) = 6*w**3 + w**2 - 1. What is the units digit of i(1)?
6
Suppose 4*r - 4*c = 64, 3*c - 3 = -r + 17. What is the tens digit of r?
1
Let w = 35 - 25. Let c be (-6)/4*(-64)/24. Suppose 0 = -q - c*q + w. What is the units digit of q?
2
Let b = 95 - 73. What is the units digit of b?
2
Let b = 8 - -14. What is the tens digit of b?
2
Let b(a) = -a + 6. Let k be b(6). Suppose -5*u + 247 + 98 = k. Suppose u - 9 = 4*d. What is the tens digit of d?
1
Let q be 2/10 + (-21)/5. Let t = 16 + q. What is the units digit of t?
2
Let w(o) = 2*o**3 + 4*o**2 - 3. Let a be w(-3). Let b be a/(-9) + (-4)/(-6). What is the units digit of -2*b/6 + 5?
4
Let c(h) be the first derivative of -11*h - 2 - 11/2*h**2 - 10/3*h**3 - 1/4*h**4. What is the units digit of c(-9)?
7
Suppose 210 = -2*z + 2*l, -4*z + 336 = -7*z - 4*l. Let u = -75 - z. What is the tens digit of u?
3
Let m = -10 - -20. What is the units digit of (-308)/(-35) - (-2)/m?
9
Let a(l) be the second derivative of l**3 + 9*l. What is the tens digit of a(4)?
2
Let b be (-3)/(2 + (-14)/4). Let k be 5/(-3 - (-2 + -2)). Suppose 4*r + b*p - 4 = 2*r, k*p + 20 = 0. What is the units digit of r?
6
Let x be 1/3 + 16/6. Let p = -8 + x. What is the units digit of 81/15 + 2/p?
5
Let d = -5 - -8. Suppose 0*x - x + 3 = 0. What is the units digit of (1/x)/(d/9)?
1
Suppose 5*l = 2*d - 0 + 10, -5*d + 8 = 4*l. Suppose -g = -m + 14, l = 2*m - g - 31. What is the tens digit of m?
1
Suppose 5*y + 9 - 24 = 0. Suppose -s + y*t = -22, 0 = s + 4*s - 3*t - 74. What is the tens digit of s?
1
Let y(p) = 43*p + 3. What is the units digit of y(4)?
5
Suppose -5*d + 2*l = -9 - 16, 0 = d + 2*l - 5. Let s(v) = -8*v - 1. Let k(o) = 8*o + 1. Let w(t) = d*s(t) + 6*k(t). What is the units digit of w(1)?
9
Let r(u) = -u**2 + 18*u - 3. What is the tens digit of r(15)?
4
Let w(r) = 23*r. Let j be w(4). Suppose 6*g = 2*g + j. What is the tens digit of g?
2
Let w = -1 + 4. Suppose 5*q = w*p - 13, 5*p + 9 = 5*q + 24. What is the units digit of -2 + p + 9 + -2?
6
Let n = 56 + -38. What is the units digit of n?
8
Let u = 1 + 3. Let y(f) = f**3 + 2*f**2 - 3*f - 1. Let c be y(-3). Let d = u - c. What is the units digit of d?
5
Let q(z) = -2*z - 14 + 4 - 5 - 2*z. What is the units digit of q(-7)?
3
Suppose -5*b + 99 = -3*t + 5*t, -27 = -t + 5*b. Let q = t + -24. What is the tens digit of q?
1
Let c = -17 - -35. What is the tens digit of c?
1
Let m = -2 - -6. Suppose m*i + 33 = -55. Let q = 36 + i. What is the units digit of q?
4
Let g = 37 + 1. What is the units digit of (-4)/(-10) - g/(-5)?
8
What is the units digit of 4/7*(-392)/(-16)?
4
Let f(n) = -5*n - 1. Let z be f(-1). Suppose z*t = -g - 20, -g + t = -3*t - 20. Suppose -c + g*c + 12 = 0. What is the units digit of c?
2
What is the tens digit of -25*1*(-3 + 27/15)?
3
Let f(t) = t**3 + 14*t**2 - t - 1. Let d be f(-14). Suppose 0 = 9*p - d*p + 100. What is the tens digit of p?
2
Let i = -1 - -1. Let a = 0 - i. What is the units digit of 15*(a + (-6)/(-15))?
6
Let r be 0 + 2/((-2)/19). Let i be (-4)/18 - 536/18. Let d = r - i. What is the units digit of d?
1
Let f be (-2 + 1)/(0 - 1). Let h be (0 - -6) + (-1 - 1). Let k = h - f. What is the units digit of k?
3
Let f be 4/(-2) - -2*2. Suppose f*h = 3*i - 68, -3*i + 0*h + 76 = 2*h. What is the units digit of i?
4
Let d be 3 + 2 + -2 + 0. Suppose -s + d*s - 4*h - 22 = 0, -s = 3*h - 16. What is the units digit of s?
3
Suppose h - u - 48 = -2*u, u + 156 = 3*h. What is the units digit of h?
1
Let l(a) = a**3 + 258. What is the tens digit of l(0)?
5
Let f be ((-5)/(-6))/((-1)/(-6)). Suppose 4*i - 20 = -f*j - i, 16 = -2*j + 4*i. Suppose 2*m - 3*m + 13 = j. What is the tens digit of m?
1
Let f(o) = o**2 + 3*o - 4. Let n be f(-5). Suppose 2*b = n*b - 32. What is the units digit of b?
8
Let l(s) = 73*s + 1. Let c be l(1). Suppose 2*a = -o - c, -4*o - a + 58 - 361 = 0. What is the tens digit of o*(-3)/12*1?
1
Let u(t) = -t**2 - 5*t. Let a be u(-4). Suppose -a*h - j = j - 46, -2*h + 43 = 5*j. Suppose -3*z + 4*z = h. What is the units digit of z?
9
Suppose 3*c - 33 = 2*c. What is the tens digit of c?
3
Let v(b) = b**3 - 6*b**2 - 2*b + 2. Let c be v(5). What is the units digit of 2/11 - 291/c?
9
Let u(s) be the second derivative of -s**3/6 + s**2/2